hat is the remainder when q is divided by 12?
10
Suppose -226 = -3*w + 3*r + 314, 3 = 3*r. Let k = -127 + w. Let c(d) = -4*d - 6. What is the remainder when k is divided by c(-5)?
12
Let d = 71 - 10. What is the remainder when d is divided by 9?
7
Suppose -5*j = -3*p - 272, p = -0*j + 3*j - 164. Suppose -6*z = -11*z + j. What is the remainder when 30 is divided by z?
8
Suppose 798 = 10*m + 11*m. Calculate the remainder when 110 is divided by m.
34
Suppose n + 2*n = 252. Suppose 0*w - 3*w = -3*c + 150, 0 = 2*c + 2*w - n. Let b(u) = 2*u + 6. Calculate the remainder when c is divided by b(5).
14
Suppose 4 = 2*w - 20. Calculate the remainder when 15 is divided by w/4 + (-1 - -2).
3
Suppose 3*a - 3*j - 252 = 0, 0 = -a + 2*a - 3*j - 74. What is the remainder when a is divided by 45?
44
Let v(h) = -7*h + 71. What is the remainder when v(-5) is divided by 54?
52
Suppose -3*u + v - 49 = u, -4*u - 5*v - 67 = 0. Let r = u - -29. Calculate the remainder when 45 is divided by r.
13
What is the remainder when (-2)/(-3 + (-61)/(-21)) is divided by 8?
5
Let f be ((-21)/7)/(6/4). Let n = 6 - f. Calculate the remainder when 29 is divided by n.
5
Suppose 0*r + 72 = 3*r. Suppose h + 36 = -3*p + 8*p, -2*p = 2*h - r. Calculate the remainder when (1/2)/((-5)/(-230)) is divided by p.
7
Let w(v) = v + 12. Let p(d) = -d + 11. What is the remainder when p(0) is divided by w(-9)?
2
Suppose -8 = -x - 2*r, -5*x - 7*r = -2*r - 45. What is the remainder when 17 is divided by x?
7
Let t(p) = 2*p**2 + 1. Suppose -5*v = 3*m - 19, -5*v + 36 = m + 13. What is the remainder when t(-4) is divided by 16 - 0 - 2/m?
16
Suppose -a + 5 = -0. Let i = 38 - 35. What is the remainder when a is divided by i?
2
Let t be (19 - 4)*(-10)/(-2). Let k = t - 30. Calculate the remainder when k is divided by 24.
21
What is the remainder when (30/(-9))/(2/(-12)) is divided by 11?
9
Suppose -d - 3*d = -48. Let m = 71 + -24. Calculate the remainder when m is divided by d.
11
Suppose 3*f = -f + 40. Let i = 72 - 43. What is the remainder when i is divided by f?
9
Suppose 6*u - 8 = 2*u. Suppose -5*n = 4*p - 2*p - 98, -p = u*n - 39. Let y = 15 + -4. What is the remainder when n is divided by y?
9
Let j be (0 - 5) + 3 + -2. Calculate the remainder when 37 is divided by (-54)/j + (-2)/4.
11
Let t = 8 - 13. Let b be -10*((-10)/4)/t. Let q = b - -9. Calculate the remainder when 7 is divided by q.
3
Suppose -2*x + 3*x = -3*a + 202, -2*x = -5*a + 344. Let n = -167 + 294. Let i = n - a. Calculate the remainder when i is divided by 20.
19
Suppose -2*g - 2*g = 3*a - 23, 0 = -3*a + 3*g + 9. What is the remainder when a is divided by 3?
2
Let m = -59 + 102. Suppose 3*y + m - 384 = -5*o, 0 = -o - y + 69. Calculate the remainder when o is divided by 17.
16
Suppose 3*h - j = 4*h - 15, 24 = 4*h - 5*j. What is the remainder when 41 is divided by h?
8
Suppose 0 = -2*f + r + 2, 3*f + 3*r - 25 = -r. Suppose -g + 184 = f*n, -3*n - 3*g = -8*g - 214. What is the remainder when n is divided by 16?
15
Let w = -106 - -116. What is the remainder when 36 is divided by w?
6
Let y(j) = 2*j**3 - 2*j**2 - j + 2. What is the remainder when y(3) is divided by (5 - 4)/(3/36)?
11
Let b be (0 + 35)*(16 - 15). Let q = b - 18. What is the remainder when q is divided by 5?
2
Suppose 5*i - 54 = 96. Calculate the remainder when 59 is divided by i.
29
Let y be (-1)/(-2) - 31/2. Let t be ((-42)/12)/(-1 - 9/(-6)). Let c = t - y. Calculate the remainder when 14 is divided by c.
6
Let m(h) = -3*h**3 + 1. Let g be m(-1). Suppose 4*a = -g + 36. What is the remainder when 30 is divided by a?
6
What is the remainder when 32 is divided by -3*((-15)/9 - 2)?
10
Suppose -m = m - 12. Suppose 15 = m*i - i. Suppose 15 = 5*x, w - 4*x - 76 = -i*w. What is the remainder when w is divided by 12?
10
Let q = 3 - 0. Suppose u + 3*v + 20 = 3*u, -6 = 3*v. Suppose 0 = -b - 4*f + 14, -2*b - 2*f = -f - u. What is the remainder when q is divided by b?
1
Calculate the remainder when 65 is divided by (((-858)/(-12))/(-13))/((-2)/8).
21
Let y = 6 + -6. What is the remainder when y/(-1) + (7 - -1) is divided by 0/3 - -3*1?
2
Suppose 3*l - 10 = -4. Let c be -1*(0 + 2) + 3. Calculate the remainder when 4 is divided by (4 - c)*(l - 1).
1
Let j = 1 + 13. Let l(g) = 28*g**3 + 1. Let a be l(1). Suppose -u - 48 - a = -2*w, -5*u - 185 = -5*w. What is the remainder when w is divided by j?
12
Let d = 435 + -229. Suppose -5*l + l + 3*g + d = 0, -3*g = 2*l - 94. Suppose -2*c + l = -0*c. Calculate the remainder when c is divided by 9.
7
Suppose 3*r - 5*x = 6*r - 38, -2*r - 2*x + 24 = 0. Calculate the remainder when (-5 - 2)*(-2 + -1) is divided by r.
10
Let q(i) = -i + 6. Let c be q(6). Let u be -2 - (-35 + -1 + c). Let z = u - 20. What is the remainder when z is divided by 8?
6
Let a(t) = -2*t - 4. Calculate the remainder when a(-9) is divided by 8.
6
Let u = -37 - -56. What is the remainder when u is divided by 5?
4
Let l = -11 - -24. What is the remainder when 48 is divided by l?
9
Calculate the remainder when 58 is divided by (-4)/(-14) + 552/28.
18
Suppose -2*z - h = -21, -h + 12 = -0*z + z. Suppose s - 4*s = -78. Calculate the remainder when s is divided by z.
8
Suppose 9 = k + 5*r, -4*k + 5*r = -2*k - 3. Suppose 2*l = -h + 25, 0*h = -k*h - l + 107. What is the remainder when 106 is divided by h?
25
Suppose 482 = 2*j + q, -q - 974 = -4*j + 2*q. What is the remainder when j is divided by 49?
46
Let f = -7 + 12. Suppose -f*j = -2*g - 69, -4*j + 37 = -j + g. Suppose -2*a + j = -75. What is the remainder when a is divided by 15?
14
Let y = 6 - -5. Suppose y = 2*p - 5. What is the remainder when 31 is divided by p?
7
Let m = 14 - -8. Let z = m - 13. What is the remainder when z is divided by 108/26 + (-4)/26?
1
Suppose -2*w - 2*w + 264 = 0. Suppose 0*r - 3*r = -w. What is the remainder when r is divided by (-108)/(-14) - (-4)/14?
6
Let g = 174 - 126. Calculate the remainder when g is divided by 7.
6
Suppose 4 = 5*k - 16. Let t = k - -11. Calculate the remainder when 27 is divided by t.
12
Let t be (-1 + -1 + 2)/2. Suppose t = 6*k - 4*k - 24. Calculate the remainder when 33 is divided by k.
9
Suppose -103 - 117 = -5*s. Let h = s + -30. What is the remainder when 41 is divided by h?
13
Suppose 99 = 5*w - 4*c, -3*w - 2*c - 2*c + 85 = 0. Suppose -5*g - 4*l = 2*l - 53, -44 = -4*g - 4*l. Calculate the remainder when w is divided by g.
10
Calculate the remainder when 40 is divided by 7 - -1*0/(-1).
5
Let z = -20 + 37. Suppose j = z + 9. Calculate the remainder when j is divided by (-405)/30*(-4)/6.
8
Let l = -5 - -15. Suppose -2*z = h - 36, -157 = -4*h + 3*z + 2*z. Suppose -k - h = -3*k. Calculate the remainder when k is divided by l.
9
Suppose -5*f + 7 = -2*n, 2*f - 2*n + 2 = -0*n. Suppose 0*o + f*o = 15, 4*o = 3*g - 55. What is the remainder when g is divided by 9?
7
Let p be 2 + -2 + 4 - 2. Let c = 6 - 7. Calculate the remainder when 19 is divided by -1 + p*(3 - c).
5
Let g be (16/24)/((-1)/57). Let b = g + 75. Calculate the remainder when b is divided by 13.
11
Suppose -r = -0*r + 3*u - 11, -2*u = -2*r + 54. What is the remainder when r is divided by (4/(-5))/(3/(-30))?
7
What is the remainder when 52 is divided by 1209/78 - 3/2?
10
Let z(u) = u**3 - 5*u**2 - 6*u - 5. Let d be z(6). Let q(f) = -f**2 - 7*f - 5. Let s(r) = r + 2. Calculate the remainder when q(d) is divided by s(0).
1
Let r be ((0 - -2)*1)/(-2). Let t(i) = -10*i + 1. Let a = 11 + 10. Calculate the remainder when a is divided by t(r).
10
Let p(d) = d**2 + 4*d - 6. What is the remainder when ((-30)/(-4))/((-7)/(-14)) is divided by p(-6)?
3
Suppose v = -2*p + 8, -9 = -5*v - 5*p + 51. Suppose 0 = 2*d - 6 - v. Calculate the remainder when (98/7)/((-4)/(-6)) is divided by d.
10
Suppose -a + 7 = k - 21, 2*k = -4*a + 108. Calculate the remainder when a is divided by 9.
8
Let r(a) = 3*a + 5. Let f(j) = 2*j + 3. Let w(l) = -8*f(l) + 5*r(l). What is the remainder when (-2)/(-3) - (-219)/9 is divided by w(-8)?
7
Suppose -x - 28 = -4*v + 2*v, 4*v - 4*x = 60. Suppose 27*r - 28*r = -25. Calculate the remainder when r is divided by v.
12
Suppose 3*s + 51 = 3*r, -3*s + 4 = 1. Calculate the remainder when 67 is divided by r.
13
Suppose 4*r - 48 - 152 = 0. Calculate the remainder when r is divided by 26.
24
Let w(d) = 0*d - 1 - 3*d + 2*d - 3*d